{"id":98,"date":"2018-10-04T11:04:33","date_gmt":"2018-10-04T11:04:33","guid":{"rendered":"http:\/\/elternbeirat.flgblogs.de\/?page_id=98"},"modified":"2025-09-23T15:04:59","modified_gmt":"2025-09-23T15:04:59","slug":"matthias-schramm","status":"publish","type":"page","link":"http:\/\/elternbeirat.flgblogs.de\/?page_id=98","title":{"rendered":"Marion Zepf"},"content":{"rendered":"\n<div class=\"wp-block-image\"><figure class=\"aligncenter size-large is-resized\"><img loading=\"lazy\" decoding=\"async\" src=\"http:\/\/elternbeirat.flgblogs.de\/wp-content\/uploads\/2025\/03\/IMG-20250310-WA0001-704x1024.jpg\" alt=\"\" class=\"wp-image-1100\" width=\"352\" height=\"512\" srcset=\"http:\/\/elternbeirat.flgblogs.de\/wp-content\/uploads\/2025\/03\/IMG-20250310-WA0001-704x1024.jpg 704w, http:\/\/elternbeirat.flgblogs.de\/wp-content\/uploads\/2025\/03\/IMG-20250310-WA0001-206x300.jpg 206w, http:\/\/elternbeirat.flgblogs.de\/wp-content\/uploads\/2025\/03\/IMG-20250310-WA0001-768x1117.jpg 768w, http:\/\/elternbeirat.flgblogs.de\/wp-content\/uploads\/2025\/03\/IMG-20250310-WA0001-1056x1536.jpg 1056w, http:\/\/elternbeirat.flgblogs.de\/wp-content\/uploads\/2025\/03\/IMG-20250310-WA0001.jpg 1100w\" sizes=\"auto, (max-width: 352px) 100vw, 352px\" \/><\/figure><\/div>\n\n\n\n<h4 class=\"has-medium-font-size wp-block-heading\"><strong><span style=\"color:#818689\" class=\"has-inline-color\">Beruf:<\/span><\/strong><span class=\"has-inline-color has-cyan-bluish-gray-color\"> <\/span><br><span class=\"has-inline-color has-black-color\">Dipl. Ing. (FH) Maschinenbau<\/span><\/h4>\n\n\n\n<h4 class=\"has-medium-font-size wp-block-heading\"><strong><span style=\"color:#818689\" class=\"has-inline-color\">Kind in:<\/span><\/strong><span class=\"has-inline-color has-cyan-bluish-gray-color\"> <\/span><br><span class=\"has-inline-color has-black-color\">Jahrgangsstufe <\/span>13<\/h4>\n\n\n\n<h4 class=\"has-medium-font-size wp-block-heading\"><strong><span style=\"color:#818689\" class=\"has-inline-color\">AK-Mitglied:<\/span><\/strong><span class=\"has-inline-color has-cyan-bluish-gray-color\"> <\/span><br>Veranstaltungen \/ Finanzen <\/h4>\n\n\n\n<h4 class=\"has-medium-font-size wp-block-heading\"><strong><span style=\"color:#818689\" class=\"has-inline-color\">Warum bin ich im EB?:<\/span><\/strong><span class=\"has-inline-color has-cyan-bluish-gray-color\"> <\/span><br><span class=\"has-inline-color has-black-color\">Ich m\u00f6chte das Schulleben mitgestalten, insbesondere auch die Aktivit\u00e4ten am Rande, die dazu geh\u00f6ren, um das Gemeinschaftsgef\u00fchl zu st\u00e4rken. In der Diskussion m\u00f6chte ich den Standpunkt der Eltern und auch eine externe Sicht auf die Themen beitragen. Ich m\u00f6chte unterst\u00fctzen, dass alle an den Angeboten teilhaben k\u00f6nnen, die es wollen, und M\u00f6glichkeiten er\u00f6ffnen, die der pers\u00f6nlichen Entwicklung unserer Kinder helfen.<\/span><\/h4>\n\n\n\n<p><\/p>\n\n\n\n<p><em><a href=\"http:\/\/elternbeirat.flgblogs.de\/?page_id=12\">zur\u00fcck<\/a><\/em><\/p>\n","protected":false},"excerpt":{"rendered":"<p>Beruf: Dipl. Ing. (FH) Maschinenbau Kind in: Jahrgangsstufe 13 AK-Mitglied: Veranstaltungen \/ Finanzen Warum bin ich im EB?: Ich m\u00f6chte das Schulleben mitgestalten, insbesondere auch die Aktivit\u00e4ten am Rande, die dazu geh\u00f6ren, um das Gemeinschaftsgef\u00fchl zu st\u00e4rken. In der Diskussion m\u00f6chte ich den Standpunkt der Eltern und auch eine externe Sicht auf die Themen beitragen. Ich m\u00f6chte unterst\u00fctzen, dass alle an den Angeboten teilhaben k\u00f6nnen, die es wollen, und M\u00f6glichkeiten er\u00f6ffnen, die der pers\u00f6nlichen Entwicklung unserer Kinder helfen. zur\u00fcck<\/p>\n","protected":false},"author":1,"featured_media":0,"parent":0,"menu_order":0,"comment_status":"closed","ping_status":"closed","template":"","meta":{"footnotes":""},"class_list":["post-98","page","type-page","status-publish","hentry"],"_links":{"self":[{"href":"http:\/\/elternbeirat.flgblogs.de\/index.php?rest_route=\/wp\/v2\/pages\/98","targetHints":{"allow":["GET"]}}],"collection":[{"href":"http:\/\/elternbeirat.flgblogs.de\/index.php?rest_route=\/wp\/v2\/pages"}],"about":[{"href":"http:\/\/elternbeirat.flgblogs.de\/index.php?rest_route=\/wp\/v2\/types\/page"}],"author":[{"embeddable":true,"href":"http:\/\/elternbeirat.flgblogs.de\/index.php?rest_route=\/wp\/v2\/users\/1"}],"replies":[{"embeddable":true,"href":"http:\/\/elternbeirat.flgblogs.de\/index.php?rest_route=%2Fwp%2Fv2%2Fcomments&post=98"}],"version-history":[{"count":21,"href":"http:\/\/elternbeirat.flgblogs.de\/index.php?rest_route=\/wp\/v2\/pages\/98\/revisions"}],"predecessor-version":[{"id":1251,"href":"http:\/\/elternbeirat.flgblogs.de\/index.php?rest_route=\/wp\/v2\/pages\/98\/revisions\/1251"}],"wp:attachment":[{"href":"http:\/\/elternbeirat.flgblogs.de\/index.php?rest_route=%2Fwp%2Fv2%2Fmedia&parent=98"}],"curies":[{"name":"wp","href":"https:\/\/api.w.org\/{rel}","templated":true}]}}

<div class="wp-block-image"><figure class="aligncenter size-large is-resized"><img loading="lazy" decoding="async" src="http://elternbeirat.flgblogs.de/wp-content/uploads/2025/03/IMG-20250310-WA0001-704x1024.jpg" alt="" class="wp-image-1100" width="352" height="512" srcset="http://elternbeirat.flgblogs.de/wp-content/uploads/2025/03/IMG-20250310-WA0001-704x1024.jpg 704w, http://elternbeirat.flgblogs.de/wp-content/uploads/2025/03/IMG-20250310-WA0001-206x300.jpg 206w, http://elternbeirat.flgblogs.de/wp-content/uploads/2025/03/IMG-20250310-WA0001-768x1117.jpg 768w, http://elternbeirat.flgblogs.de/wp-content/uploads/2025/03/IMG-20250310-WA0001-1056x1536.jpg 1056w, http://elternbeirat.flgblogs.de/wp-content/uploads/2025/03/IMG-20250310-WA0001.jpg 1100w" sizes="auto, (max-width: 352px) 100vw, 352px" /></figure></div>



<h4 class="has-medium-font-size wp-block-heading"><strong><span style="color:#818689" class="has-inline-color">Beruf:</span></strong><span class="has-inline-color has-cyan-bluish-gray-color"> </span><br><span class="has-inline-color has-black-color">Dipl. Ing. (FH) Maschinenbau</span></h4>



<h4 class="has-medium-font-size wp-block-heading"><strong><span style="color:#818689" class="has-inline-color">Kind in:</span></strong><span class="has-inline-color has-cyan-bluish-gray-color"> </span><br><span class="has-inline-color has-black-color">Jahrgangsstufe </span>13</h4>



<h4 class="has-medium-font-size wp-block-heading"><strong><span style="color:#818689" class="has-inline-color">AK-Mitglied:</span></strong><span class="has-inline-color has-cyan-bluish-gray-color"> </span><br>Veranstaltungen / Finanzen </h4>



<h4 class="has-medium-font-size wp-block-heading"><strong><span style="color:#818689" class="has-inline-color">Warum bin ich im EB?:</span></strong><span class="has-inline-color has-cyan-bluish-gray-color"> </span><br><span class="has-inline-color has-black-color">Ich möchte das Schulleben mitgestalten, insbesondere auch die Aktivitäten am Rande, die dazu gehören, um das Gemeinschaftsgefühl zu stärken. In der Diskussion möchte ich den Standpunkt der Eltern und auch eine externe Sicht auf die Themen beitragen. Ich möchte unterstützen, dass alle an den Angeboten teilhaben können, die es wollen, und Möglichkeiten eröffnen, die der persönlichen Entwicklung unserer Kinder helfen.</span></h4>



<p></p>



<p><em><a href="http://elternbeirat.flgblogs.de/?page_id=12">zurück</a></em></p>

<p>Beruf: Dipl. Ing. (FH) Maschinenbau Kind in: Jahrgangsstufe 13 AK-Mitglied: Veranstaltungen / Finanzen Warum bin ich im EB?: Ich möchte das Schulleben mitgestalten, insbesondere auch die Aktivitäten am Rande, die dazu gehören, um das Gemeinschaftsgefühl zu stärken. In der Diskussion möchte ich den Standpunkt der Eltern und auch eine externe Sicht auf die Themen beitragen. Ich möchte unterstützen, dass alle an den Angeboten teilhaben können, die es wollen, und Möglichkeiten eröffnen, die der persönlichen Entwicklung unserer Kinder helfen. zurück</p>
