{"id":143,"date":"2018-10-04T18:18:41","date_gmt":"2018-10-04T18:18:41","guid":{"rendered":"http:\/\/elternbeirat.flgblogs.de\/?page_id=143"},"modified":"2025-09-23T15:00:49","modified_gmt":"2025-09-23T15:00:49","slug":"georg-pfister","status":"publish","type":"page","link":"http:\/\/elternbeirat.flgblogs.de\/?page_id=143","title":{"rendered":"Alexander Jentzsch"},"content":{"rendered":"\n<div class=\"wp-block-image\"><figure class=\"aligncenter size-large is-resized\"><img loading=\"lazy\" decoding=\"async\" src=\"http:\/\/elternbeirat.flgblogs.de\/wp-content\/uploads\/2025\/01\/Alex-683x1024.jpeg\" alt=\"\" class=\"wp-image-980\" width=\"342\" height=\"512\" srcset=\"http:\/\/elternbeirat.flgblogs.de\/wp-content\/uploads\/2025\/01\/Alex-683x1024.jpeg 683w, http:\/\/elternbeirat.flgblogs.de\/wp-content\/uploads\/2025\/01\/Alex-200x300.jpeg 200w, http:\/\/elternbeirat.flgblogs.de\/wp-content\/uploads\/2025\/01\/Alex-768x1151.jpeg 768w, http:\/\/elternbeirat.flgblogs.de\/wp-content\/uploads\/2025\/01\/Alex-1025x1536.jpeg 1025w, http:\/\/elternbeirat.flgblogs.de\/wp-content\/uploads\/2025\/01\/Alex-1140x1708.jpeg 1140w, http:\/\/elternbeirat.flgblogs.de\/wp-content\/uploads\/2025\/01\/Alex.jpeg 1280w\" sizes=\"auto, (max-width: 342px) 100vw, 342px\" \/><\/figure><\/div>\n\n\n\n<p><\/p>\n\n\n\n<h4 class=\"has-medium-font-size wp-block-heading\"><strong><span style=\"color:#818689\" class=\"has-inline-color\">Beruf:<\/span><\/strong><span class=\"has-inline-color has-cyan-bluish-gray-color\"> <\/span><br>Coach f\u00fcr Projektmanagement<\/h4>\n\n\n\n<h4 class=\"has-medium-font-size wp-block-heading\"><strong><span style=\"color:#818689\" class=\"has-inline-color\">Kind in:<\/span><\/strong><span class=\"has-inline-color has-cyan-bluish-gray-color\"> <\/span><br><span class=\"has-inline-color has-black-color\">Jahrgangsstufe <\/span>10<\/h4>\n\n\n\n<h4 class=\"has-medium-font-size wp-block-heading\"><strong><span style=\"color:#818689\" class=\"has-inline-color\">AK-Mitglied:<\/span><\/strong><span class=\"has-inline-color has-cyan-bluish-gray-color\"> <\/span><br>&nbsp;Sch\u00fclergesundheit\/ Resilienz\/Schulentwicklung \/ Berufsorientierung <\/h4>\n\n\n\n<h4 class=\"has-medium-font-size wp-block-heading\"><strong><span style=\"color:#818689\" class=\"has-inline-color\">Warum bin ich im EB?:<\/span><\/strong><span class=\"has-inline-color has-cyan-bluish-gray-color\"> <\/span><br>Schon in der Grundschule habe ich mich im Elternbeirat engagiert, weil ich mich am Schulgeschehen beteiligen m\u00f6chte. Die enge Verzahnung mit der Lehrerschaft und neuerdings auch mit der SMV zeigt, wie gut es an dieser Schule funktioniert, gemeinsam einen Mehrwert zu schaffen. Dies m\u00f6chte ich mit gestalten!<br>Nach F\u00fchren der Kasse durch die schwierige Corona-Zeit m\u00f6chte ich nun mithelfen, die psychische Gesundheit unserer n\u00e4chsten Generation zu verbessern.<\/h4>\n\n\n\n<p><em><a href=\"http:\/\/elternbeirat.flgblogs.de\/?page_id=12\">zur\u00fcck<\/a><\/em><\/p>\n","protected":false},"excerpt":{"rendered":"<p>Beruf: Coach f\u00fcr Projektmanagement Kind in: Jahrgangsstufe 10 AK-Mitglied: &nbsp;Sch\u00fclergesundheit\/ Resilienz\/Schulentwicklung \/ Berufsorientierung Warum bin ich im EB?: Schon in der Grundschule habe ich mich im Elternbeirat engagiert, weil ich mich am Schulgeschehen beteiligen m\u00f6chte. Die enge Verzahnung mit der Lehrerschaft und neuerdings auch mit der SMV zeigt, wie gut es an dieser Schule funktioniert, gemeinsam einen Mehrwert zu schaffen. Dies m\u00f6chte ich mit gestalten!Nach F\u00fchren der Kasse durch die schwierige Corona-Zeit m\u00f6chte ich nun mithelfen, die psychische Gesundheit unserer n\u00e4chsten Generation zu verbessern. zur\u00fcck<\/p>\n","protected":false},"author":1,"featured_media":0,"parent":0,"menu_order":0,"comment_status":"closed","ping_status":"closed","template":"","meta":{"footnotes":""},"class_list":["post-143","page","type-page","status-publish","hentry"],"_links":{"self":[{"href":"http:\/\/elternbeirat.flgblogs.de\/index.php?rest_route=\/wp\/v2\/pages\/143","targetHints":{"allow":["GET"]}}],"collection":[{"href":"http:\/\/elternbeirat.flgblogs.de\/index.php?rest_route=\/wp\/v2\/pages"}],"about":[{"href":"http:\/\/elternbeirat.flgblogs.de\/index.php?rest_route=\/wp\/v2\/types\/page"}],"author":[{"embeddable":true,"href":"http:\/\/elternbeirat.flgblogs.de\/index.php?rest_route=\/wp\/v2\/users\/1"}],"replies":[{"embeddable":true,"href":"http:\/\/elternbeirat.flgblogs.de\/index.php?rest_route=%2Fwp%2Fv2%2Fcomments&post=143"}],"version-history":[{"count":20,"href":"http:\/\/elternbeirat.flgblogs.de\/index.php?rest_route=\/wp\/v2\/pages\/143\/revisions"}],"predecessor-version":[{"id":1240,"href":"http:\/\/elternbeirat.flgblogs.de\/index.php?rest_route=\/wp\/v2\/pages\/143\/revisions\/1240"}],"wp:attachment":[{"href":"http:\/\/elternbeirat.flgblogs.de\/index.php?rest_route=%2Fwp%2Fv2%2Fmedia&parent=143"}],"curies":[{"name":"wp","href":"https:\/\/api.w.org\/{rel}","templated":true}]}}

<div class="wp-block-image"><figure class="aligncenter size-large is-resized"><img loading="lazy" decoding="async" src="http://elternbeirat.flgblogs.de/wp-content/uploads/2025/01/Alex-683x1024.jpeg" alt="" class="wp-image-980" width="342" height="512" srcset="http://elternbeirat.flgblogs.de/wp-content/uploads/2025/01/Alex-683x1024.jpeg 683w, http://elternbeirat.flgblogs.de/wp-content/uploads/2025/01/Alex-200x300.jpeg 200w, http://elternbeirat.flgblogs.de/wp-content/uploads/2025/01/Alex-768x1151.jpeg 768w, http://elternbeirat.flgblogs.de/wp-content/uploads/2025/01/Alex-1025x1536.jpeg 1025w, http://elternbeirat.flgblogs.de/wp-content/uploads/2025/01/Alex-1140x1708.jpeg 1140w, http://elternbeirat.flgblogs.de/wp-content/uploads/2025/01/Alex.jpeg 1280w" sizes="auto, (max-width: 342px) 100vw, 342px" /></figure></div>



<p></p>



<h4 class="has-medium-font-size wp-block-heading"><strong><span style="color:#818689" class="has-inline-color">Beruf:</span></strong><span class="has-inline-color has-cyan-bluish-gray-color"> </span><br>Coach für Projektmanagement</h4>



<h4 class="has-medium-font-size wp-block-heading"><strong><span style="color:#818689" class="has-inline-color">Kind in:</span></strong><span class="has-inline-color has-cyan-bluish-gray-color"> </span><br><span class="has-inline-color has-black-color">Jahrgangsstufe </span>10</h4>



<h4 class="has-medium-font-size wp-block-heading"><strong><span style="color:#818689" class="has-inline-color">AK-Mitglied:</span></strong><span class="has-inline-color has-cyan-bluish-gray-color"> </span><br>&nbsp;Schülergesundheit/ Resilienz/Schulentwicklung / Berufsorientierung </h4>



<h4 class="has-medium-font-size wp-block-heading"><strong><span style="color:#818689" class="has-inline-color">Warum bin ich im EB?:</span></strong><span class="has-inline-color has-cyan-bluish-gray-color"> </span><br>Schon in der Grundschule habe ich mich im Elternbeirat engagiert, weil ich mich am Schulgeschehen beteiligen möchte. Die enge Verzahnung mit der Lehrerschaft und neuerdings auch mit der SMV zeigt, wie gut es an dieser Schule funktioniert, gemeinsam einen Mehrwert zu schaffen. Dies möchte ich mit gestalten!<br>Nach Führen der Kasse durch die schwierige Corona-Zeit möchte ich nun mithelfen, die psychische Gesundheit unserer nächsten Generation zu verbessern.</h4>



<p><em><a href="http://elternbeirat.flgblogs.de/?page_id=12">zurück</a></em></p>

<p>Beruf: Coach für Projektmanagement Kind in: Jahrgangsstufe 10 AK-Mitglied: &nbsp;Schülergesundheit/ Resilienz/Schulentwicklung / Berufsorientierung Warum bin ich im EB?: Schon in der Grundschule habe ich mich im Elternbeirat engagiert, weil ich mich am Schulgeschehen beteiligen möchte. Die enge Verzahnung mit der Lehrerschaft und neuerdings auch mit der SMV zeigt, wie gut es an dieser Schule funktioniert, gemeinsam einen Mehrwert zu schaffen. Dies möchte ich mit gestalten!Nach Führen der Kasse durch die schwierige Corona-Zeit möchte ich nun mithelfen, die psychische Gesundheit unserer nächsten Generation zu verbessern. zurück</p>
