{"id":130,"date":"2018-10-04T18:05:24","date_gmt":"2018-10-04T18:05:24","guid":{"rendered":"http:\/\/elternbeirat.flgblogs.de\/?page_id=130"},"modified":"2025-09-23T15:02:52","modified_gmt":"2025-09-23T15:02:52","slug":"anja-kupfer","status":"publish","type":"page","link":"http:\/\/elternbeirat.flgblogs.de\/?page_id=130","title":{"rendered":"Elke Blankenship"},"content":{"rendered":"\n<div class=\"wp-block-image\"><figure class=\"aligncenter size-large is-resized\"><img decoding=\"async\" src=\"http:\/\/elternbeirat.flgblogs.de\/wp-content\/uploads\/2025\/01\/Blankenship-768x1024.jpg\" alt=\"\" class=\"wp-image-967\" width=\"400\" srcset=\"http:\/\/elternbeirat.flgblogs.de\/wp-content\/uploads\/2025\/01\/Blankenship-768x1024.jpg 768w, http:\/\/elternbeirat.flgblogs.de\/wp-content\/uploads\/2025\/01\/Blankenship-225x300.jpg 225w, http:\/\/elternbeirat.flgblogs.de\/wp-content\/uploads\/2025\/01\/Blankenship-1152x1536.jpg 1152w, http:\/\/elternbeirat.flgblogs.de\/wp-content\/uploads\/2025\/01\/Blankenship-1536x2048.jpg 1536w, http:\/\/elternbeirat.flgblogs.de\/wp-content\/uploads\/2025\/01\/Blankenship-1140x1520.jpg 1140w, http:\/\/elternbeirat.flgblogs.de\/wp-content\/uploads\/2025\/01\/Blankenship-scaled.jpg 1920w\" sizes=\"(max-width: 768px) 100vw, 768px\" \/><\/figure><\/div>\n\n\n\n<h4 class=\"has-medium-font-size wp-block-heading\"><strong><span style=\"color:#818689\" class=\"has-inline-color\">Beruf:<\/span><\/strong><span class=\"has-inline-color has-cyan-bluish-gray-color\"> <\/span><br>Unterricht Deutsch als Fremdsprache \/ Administration Uni Bamberg<span class=\"has-inline-color has-black-color\"><\/span><\/h4>\n\n\n\n<h4 class=\"has-medium-font-size wp-block-heading\"><strong><span style=\"color:#818689\" class=\"has-inline-color\">Kind in:<\/span><\/strong><span class=\"has-inline-color has-cyan-bluish-gray-color\"> <\/span><br><span class=\"has-inline-color has-black-color\">Jahrgangstufe 1<\/span>3<\/h4>\n\n\n\n<h4 class=\"has-medium-font-size wp-block-heading\"><strong><span style=\"color:#818689\" class=\"has-inline-color\">AK-Mitglied:<\/span><\/strong><span class=\"has-inline-color has-cyan-bluish-gray-color\"> <\/span><br>Sch\u00fclergesundheit \/ Resilienz \/ Schulentwicklung<span class=\"has-inline-color has-black-color\"><\/span><\/h4>\n\n\n\n<h4 class=\"wp-block-heading\"><strong><span style=\"color:#818689\" class=\"has-inline-color\">Warum bin ich im EB?:<\/span><\/strong><span class=\"has-inline-color has-cyan-bluish-gray-color\"> <\/span><br>Schule, Kindern und Eltern bilden zusammen ein interaktives Team. Diese Zusammenarbeit finde ich sehr wichtig, denn so kann man gut an den Rahmenbedingungen mitwirken und Kinder und Schule entsprechend unterst\u00fctzen. Au\u00dferdem hat es mir die letzten zwei Jahre viel Spa\u00df gemacht, mich im Elternbeirat einzubringen.<\/h4>\n\n\n\n<p><\/p>\n\n\n\n<h4 class=\"wp-block-heading\"><span class=\"has-inline-color has-black-color\"><\/span><\/h4>\n\n\n\n<p><em><a href=\"http:\/\/elternbeirat.flgblogs.de\/?page_id=12\">zur\u00fcck<\/a><\/em><\/p>\n","protected":false},"excerpt":{"rendered":"<p>Beruf: Unterricht Deutsch als Fremdsprache \/ Administration Uni Bamberg Kind in: Jahrgangstufe 13 AK-Mitglied: Sch\u00fclergesundheit \/ Resilienz \/ Schulentwicklung Warum bin ich im EB?: Schule, Kindern und Eltern bilden zusammen ein interaktives Team. Diese Zusammenarbeit finde ich sehr wichtig, denn so kann man gut an den Rahmenbedingungen mitwirken und Kinder und Schule entsprechend unterst\u00fctzen. Au\u00dferdem hat es mir die letzten zwei Jahre viel Spa\u00df gemacht, mich im Elternbeirat einzubringen. zur\u00fcck<\/p>\n","protected":false},"author":1,"featured_media":0,"parent":0,"menu_order":0,"comment_status":"closed","ping_status":"closed","template":"","meta":{"footnotes":""},"class_list":["post-130","page","type-page","status-publish","hentry"],"_links":{"self":[{"href":"http:\/\/elternbeirat.flgblogs.de\/index.php?rest_route=\/wp\/v2\/pages\/130","targetHints":{"allow":["GET"]}}],"collection":[{"href":"http:\/\/elternbeirat.flgblogs.de\/index.php?rest_route=\/wp\/v2\/pages"}],"about":[{"href":"http:\/\/elternbeirat.flgblogs.de\/index.php?rest_route=\/wp\/v2\/types\/page"}],"author":[{"embeddable":true,"href":"http:\/\/elternbeirat.flgblogs.de\/index.php?rest_route=\/wp\/v2\/users\/1"}],"replies":[{"embeddable":true,"href":"http:\/\/elternbeirat.flgblogs.de\/index.php?rest_route=%2Fwp%2Fv2%2Fcomments&post=130"}],"version-history":[{"count":22,"href":"http:\/\/elternbeirat.flgblogs.de\/index.php?rest_route=\/wp\/v2\/pages\/130\/revisions"}],"predecessor-version":[{"id":1246,"href":"http:\/\/elternbeirat.flgblogs.de\/index.php?rest_route=\/wp\/v2\/pages\/130\/revisions\/1246"}],"wp:attachment":[{"href":"http:\/\/elternbeirat.flgblogs.de\/index.php?rest_route=%2Fwp%2Fv2%2Fmedia&parent=130"}],"curies":[{"name":"wp","href":"https:\/\/api.w.org\/{rel}","templated":true}]}}

<div class="wp-block-image"><figure class="aligncenter size-large is-resized"><img decoding="async" src="http://elternbeirat.flgblogs.de/wp-content/uploads/2025/01/Blankenship-768x1024.jpg" alt="" class="wp-image-967" width="400" srcset="http://elternbeirat.flgblogs.de/wp-content/uploads/2025/01/Blankenship-768x1024.jpg 768w, http://elternbeirat.flgblogs.de/wp-content/uploads/2025/01/Blankenship-225x300.jpg 225w, http://elternbeirat.flgblogs.de/wp-content/uploads/2025/01/Blankenship-1152x1536.jpg 1152w, http://elternbeirat.flgblogs.de/wp-content/uploads/2025/01/Blankenship-1536x2048.jpg 1536w, http://elternbeirat.flgblogs.de/wp-content/uploads/2025/01/Blankenship-1140x1520.jpg 1140w, http://elternbeirat.flgblogs.de/wp-content/uploads/2025/01/Blankenship-scaled.jpg 1920w" sizes="(max-width: 768px) 100vw, 768px" /></figure></div>



<h4 class="has-medium-font-size wp-block-heading"><strong><span style="color:#818689" class="has-inline-color">Beruf:</span></strong><span class="has-inline-color has-cyan-bluish-gray-color"> </span><br>Unterricht Deutsch als Fremdsprache / Administration Uni Bamberg<span class="has-inline-color has-black-color"></span></h4>



<h4 class="has-medium-font-size wp-block-heading"><strong><span style="color:#818689" class="has-inline-color">Kind in:</span></strong><span class="has-inline-color has-cyan-bluish-gray-color"> </span><br><span class="has-inline-color has-black-color">Jahrgangstufe 1</span>3</h4>



<h4 class="has-medium-font-size wp-block-heading"><strong><span style="color:#818689" class="has-inline-color">AK-Mitglied:</span></strong><span class="has-inline-color has-cyan-bluish-gray-color"> </span><br>Schülergesundheit / Resilienz / Schulentwicklung<span class="has-inline-color has-black-color"></span></h4>



<h4 class="wp-block-heading"><strong><span style="color:#818689" class="has-inline-color">Warum bin ich im EB?:</span></strong><span class="has-inline-color has-cyan-bluish-gray-color"> </span><br>Schule, Kindern und Eltern bilden zusammen ein interaktives Team. Diese Zusammenarbeit finde ich sehr wichtig, denn so kann man gut an den Rahmenbedingungen mitwirken und Kinder und Schule entsprechend unterstützen. Außerdem hat es mir die letzten zwei Jahre viel Spaß gemacht, mich im Elternbeirat einzubringen.</h4>



<p></p>



<h4 class="wp-block-heading"><span class="has-inline-color has-black-color"></span></h4>



<p><em><a href="http://elternbeirat.flgblogs.de/?page_id=12">zurück</a></em></p>

<p>Beruf: Unterricht Deutsch als Fremdsprache / Administration Uni Bamberg Kind in: Jahrgangstufe 13 AK-Mitglied: Schülergesundheit / Resilienz / Schulentwicklung Warum bin ich im EB?: Schule, Kindern und Eltern bilden zusammen ein interaktives Team. Diese Zusammenarbeit finde ich sehr wichtig, denn so kann man gut an den Rahmenbedingungen mitwirken und Kinder und Schule entsprechend unterstützen. Außerdem hat es mir die letzten zwei Jahre viel Spaß gemacht, mich im Elternbeirat einzubringen. zurück</p>
